*h, 4*h = -3*g + 21. Suppose 0 = g*s - 34760 + 8517. Is s a composite number?
True
Let n(b) = 2578*b**3 - 3*b**2 + 5. Suppose -4 = 2*i, -2 = 4*o - 4*i - 18. Is n(o) a prime number?
False
Suppose 3*o - 2514 - 3405 = 0. Is o prime?
True
Let w(f) = 53*f**2 + 1. Let p be w(1). Suppose p = -l + 7*l. Suppose 0 = 5*t + 2*i + i - 3506, l = -3*i. Is t a composite number?
True
Let n be 4315*(-1 - (1 + 15/(-5))). Suppose -2*i + 2*j = -2047 - n, -3*i + 9543 = 4*j. Is i composite?
False
Suppose -4*b - 2*w + 8220 = 0, 3*w + 3105 = -4*b + 11323. Let r = b + -1067. Is r a prime number?
False
Let x(w) = 27*w**2 + 10*w + 26. Let k be x(11). Let l = 5724 - k. Is l a composite number?
True
Let p = 375 - 373. Suppose -11390 = p*w - 12*w. Is w a composite number?
True
Suppose 156 = -5*j - 2*d, 0 = -j - 5*d - 24 + 2. Let u = j - -36. Is (-97)/(-1*2/u) a prime number?
False
Let x = -46 + 40. Let r be (-9)/x*-1*1162. Is (r + -3)/(-6) - 2/1 a composite number?
True
Let i = 2921 - 2375. Let n(l) = 1393*l + 2. Let r be n(3). Let h = r + i. Is h composite?
True
Let i be ((-1)/6)/(3/9)*-1944. Let v = -501 + i. Is v a composite number?
True
Let i(c) = 689*c**2 + 14*c + 4. Let n be 6*(0 - (-2 - (-5)/2)). Is i(n) a prime number?
True
Suppose -762 = 5*u + 5*k - 20322, 4*k + 20 = 0. Let g = u - 2704. Is g a composite number?
False
Let a be ((-3)/6)/(7/1904). Let u = a + 138. Is (-40364)/(-8) + (-3)/u + 1 prime?
False
Suppose 0 = -3*g + 307209 + 37947. Suppose -21*s - 7*s + g = 0. Is s composite?
True
Let g(b) = 223*b**2 - 97*b - 1225. Is g(-16) a prime number?
False
Suppose -5*r + 5*p + 485 = 0, -r - p + 101 = 2*p. Let v = 100 - r. Suppose v*j = 214 + 1960. Is j a composite number?
False
Let z(m) = m**2 + 5*m + 4556. Let l be z(0). Let n = l - -945. Is n a prime number?
True
Suppose 0 = 10*j - 29*j - 129067. Let b = j + 26840. Is b a composite number?
False
Let l(q) = -q**2 - 17*q - 13. Let v = 15 - 24. Let x be l(v). Suppose 3*f - 2*f = x. Is f prime?
True
Suppose 3*k = -3*x - 1197, 4*x - 6*x + 4*k = 774. Let b = x - -1777. Is b a composite number?
True
Is (5/((-60)/8))/(5/(5031540/(-8))) prime?
False
Let m(r) = 2*r**2 + 13*r - 5. Let a be m(-7). Let u be 2*2/8*14. Suppose 0 = 4*d + a*k - u*k - 4343, -d + 1094 = -4*k. Is d a composite number?
True
Let f be 2/(-18)*-51*(-9)/3. Let g = f - -21. Suppose 1508 = g*n - 0*n. Is n prime?
False
Let n(q) = -9121*q - 14. Let x(k) = -18243*k - 27. Let j(m) = -5*n(m) + 3*x(m). Is j(-1) a prime number?
False
Let d be (9 - 0)*(-19)/(-57). Suppose -3*v + 2*v + 77647 = 4*p, d*v - 9 = 0. Suppose -7*r + p = -0*r. Is r a composite number?
True
Let f(l) = -2 - 145*l + 145*l - 316*l**2. Let o be f(-2). Is (o/4)/(-3)*(5 + -3) prime?
True
Let k(t) = -2*t - 24. Let i be k(-20). Suppose -p + i = 3*p. Suppose -p*q + 226 = -2*q. Is q a composite number?
False
Let p(y) = 4503*y**2 + 4*y - 88. Is p(5) prime?
True
Suppose 0 = 5*z - z - 20. Let x(y) = 15*y**2 - 10*y + 16. Let u be x(z). Suppose -2*v = -3*b + u, 0 = b + 3*b + 2*v - 436. Is b a composite number?
True
Is (-42264552)/(-14) - (-24)/4 - 27/(-63) prime?
False
Let x = -256 - -260. Suppose -t + 238 = 3*v + 2*v, 0 = -4*t + x*v + 1072. Is t composite?
False
Let p(c) = -40*c**2 + 4*c - 3*c + 142*c**2 + 1. Let v be p(1). Suppose -2*d + 486 = v. Is d composite?
False
Let u = 390356 + 58107. Is u a prime number?
False
Suppose g + 103468 = 2*o + 4*g, -o = 3*g - 51725. Is o a prime number?
False
Let v(w) = -939*w + 52. Let p(q) = 1. Let c(f) = 2*p(f) - v(f). Is c(11) prime?
False
Suppose 2*m - 15 = -k, 5*m - 35 = -0*m - 2*k. Suppose 37*u - 29*u - 8 = 0. Suppose -s + 22 = s + 4*p, s = -m*p - u. Is s a composite number?
False
Suppose -8 + 106 = 24*q - 46. Let r(z) = -3*z + 0*z + 0*z + 8*z**2 - 11. Is r(q) a composite number?
True
Let z be 64/14 + (-6)/(-14). Suppose -51 = m - z*i, 0 = -2*m + i + i - 62. Is (-4)/m + (-11945)/(-13) a prime number?
True
Suppose 13*o - 18*o = 0. Let d(p) = p. Let r be d(o). Suppose -2*n + 2*s = s - 894, r = 3*n + s - 1351. Is n a composite number?
False
Let d(n) = 1699*n**2 + 8*n - 243. Is d(14) prime?
True
Let i(x) = -2*x**2 - 2*x + 30. Let n(z) = -z**2 - z + 29. Suppose -32 + 4 = 7*m. Let u(j) = m*i(j) + 5*n(j). Is u(-6) a composite number?
True
Let p = -114 - -116. Suppose -13*q + 8*q + 5*n + 7065 = 0, 0 = -p*n - 8. Is q composite?
False
Let p = -69 + 73. Let w(i) = p + 5 - 1 + 0 - 57*i. Is w(-3) composite?
False
Let w = -12 + -9. Let o = w - -26. Is (-96 - -10)*o/(-2) prime?
False
Let p = -3758 + 21340. Suppose 33573 = 5*c - p. Is c a prime number?
False
Suppose 48951 = 14*b - 433363. Is b a prime number?
False
Let x be (0 + 4)/(-4) + 4. Let w(n) = 83*n - 1 - x + 2. Is w(3) prime?
False
Suppose 8 = -2*m, 0 = 30*v - 31*v - m + 165583. Is v a composite number?
False
Suppose -64*j + 66*j = 1180. Is j - (-2 - (-2 - -2) - -5) a composite number?
False
Let c = -213918 + 375281. Is c a prime number?
True
Suppose -2739 = -319*g + 322*g. Let z = g - -2030. Is z a composite number?
False
Let n(p) = -6*p**3 + 3*p - 11*p**3 + 5*p**3 + 14 - 3*p**2 + 19*p. Is n(-7) a prime number?
False
Let q(n) = 5 - 276*n + 14*n**2 + 163*n + 139*n. Suppose -3*i = -g - 0*g - 27, -3*g = -2*i + 46. Is q(g) a prime number?
True
Suppose -8*t = -201 + 89. Is 15970*(8 + (-105)/t) prime?
False
Let z be (-1687)/5061 - ((-32)/(-3) - -1). Suppose -5431 = -3*q - 811. Is 4*z/(-16) + q a prime number?
True
Suppose -3*w = -3*u - 477 + 54, -4*w + 594 = 2*u. Let z(s) = -13*s**3 - 37*s**3 + 16 + 151*s - 2*s**2 - w*s. Is z(-3) a composite number?
True
Let q(y) = -770*y**3 + y**2 + 66*y - 93. Is q(-8) prime?
True
Suppose -5*f - 3*t + 108670 = 0, 4030 = f - 4*t - 17681. Suppose f = -13*w + 79464. Is w composite?
False
Let x(t) = 5*t**3 - 19*t**2 - 6*t - 1. Let p be x(9). Let y = 40 + p. Is (4/14 - 8/(-168))*y prime?
False
Let o = -11 + 18. Let r be (-6)/8*(5 + o + -4). Is (100775/20 - -7) + r/8 a prime number?
False
Suppose 5*m + d - 503329 + 30458 = 0, 2*m - d - 189140 = 0. Is m a composite number?
False
Let n be (-2 - 0) + 9 + -1. Let j(u) = -50*u + 74. Let f be j(-60). Suppose f = -4*m + n*m. Is m a composite number?
True
Suppose 3659238 = 2*t + k + 841611, -5*k - 1408852 = -t. Is t a prime number?
True
Suppose -30*v + 55398 = -24*v. Suppose v = 6*p - 661. Is p a prime number?
False
Is 30/20 + (-12119958)/(-36) a prime number?
True
Is 91197/2 - ((-2)/(-4) - 9/9) prime?
True
Suppose -130 + 34 = -4*u. Suppose 5*i - 16 - u = 0. Suppose i*v - 2013 = 5*v. Is v a composite number?
True
Suppose 387*x - 88727539 = 220228106. Is x prime?
False
Suppose 0*p + 8*p - 24 = 0. Suppose -o + p*o = 6. Suppose -4*w = 0, 0 = -q + 5*q - o*w - 1676. Is q prime?
True
Let k(b) = 1147*b**3 + 6*b**2 + 5*b + 13. Let w(m) = -2292*m**3 - 12*m**2 - 11*m - 26. Let q(x) = -9*k(x) - 4*w(x). Is q(-3) composite?
False
Let n(q) = -51*q**3 + 9*q**2 + 10*q + 61. Is n(-8) prime?
True
Suppose -19*o + 20 + 18 = 0. Is (-2 + 5/o)/(7/31514) a prime number?
True
Let l(k) = -664*k**3 + 14*k**2 + 13*k + 109. Is l(-6) a composite number?
True
Let n(o) = -66*o + 193. Let d = -523 - -517. Is n(d) a composite number?
True
Let n(t) = -4*t - 135. Let q be n(-34). Is (7/14)/(q/7114) composite?
False
Is (-8)/(-6) - 1 - (13735850/(-174) + 65) prime?
True
Let j = 10943 + -38505. Is 68/85 - j/10 a composite number?
True
Let u(g) = -326*g - 22. Let f be u(-10). Suppose 0 = -5*s + 5*x - 2707 - 1343, 0 = 4*s - 3*x + f. Let r = -509 - s. Is r composite?
True
Suppose -x + 260 - 14 = 0. Let y be 2/((-4)/(-1))*790. Let h = y - x. Is h a composite number?
False
Let t(n) = -9*n**2 + n + 4. Let w be t(-2). Let r = w + 39. Suppose u - 4*v = -u + 1266, 0 = r*u - 3*v - 3158. Is u a composite number?
False
Let a = -121430 - -227181. Is a a composite number?
False
Let j be (1 - 1)/(5 - 6). Let c(b) = -b**3 + b**2 + b + 1. Let h be c(j). Is h - (-15507)/21 - (-9)/(-21) a prime number?
True
Let s(o) = -25*o**3 - 3*o**2 - 3*o - 5. Suppose 5*j - 22 = -42. Is s(j) composite?
False
Suppose 0 = -4*a + 3*o - 4*o - 2, -4*a = -5*o - 10. Suppose -f = 3*i - 6357, a = -5*i - 5*f + 5110 + 5485. Is i a composite number?
True
Is (-7307020)/(-152) - 1/(-2) prime?
True
Let g = 192543 + -58072. Is g composite?
False
Let c be (2/(-12)*-3*2)/1. Is 8782*c*8/80*5 a composite number?
False
Suppose 0 = 11*d - 23*d